prime?
True
Is 2849245303 a prime number?
False
Is 4896126451 prime?
False
Is 35430150661 a prime number?
False
Is 23889164917 a prime number?
True
Is 869728267 a prime number?
True
Is 9995563631 composite?
True
Is 142436335 composite?
True
Is 1385945419 a prime number?
True
Is 2210396449 a composite number?
True
Is 34168194281 prime?
False
Is 1105654003 prime?
False
Is 529942783 a prime number?
True
Is 122164040413 a composite number?
True
Is 3546155 a prime number?
False
Is 16243955687 a composite number?
True
Is 26796951871 a composite number?
True
Is 744382883 a prime number?
False
Is 15316749951 prime?
False
Is 15859059193 a composite number?
False
Is 7876229059 prime?
True
Is 1499136773 prime?
True
Is 5876345743 prime?
False
Is 12648419291 a prime number?
True
Is 33286453163 composite?
False
Is 724965511 a composite number?
False
Is 31914116459 a prime number?
True
Is 1178024581 a prime number?
True
Is 809352511 prime?
False
Is 101795612707 a composite number?
False
Is 2140994029 a composite number?
True
Is 1082554859 a prime number?
True
Is 1867780345 composite?
True
Is 2046404153 prime?
False
Is 161256047 prime?
True
Is 10521329881 a prime number?
False
Is 31917496411 a prime number?
False
Is 17814268961 a prime number?
True
Is 26686535 composite?
True
Is 73089907277 a prime number?
True
Is 102023814799 a composite number?
False
Is 1349466763 prime?
False
Is 29274174841 a composite number?
True
Is 7856322287 a composite number?
True
Is 1222239899 a composite number?
True
Is 54560578297 a prime number?
False
Is 32986598777 prime?
False
Is 573688999 a prime number?
False
Is 486567479 prime?
True
Is 1380044179 a composite number?
True
Is 36059498599 prime?
True
Is 74635700411 a composite number?
False
Is 359470331 a prime number?
False
Is 247097239 a composite number?
True
Is 545736463 a composite number?
False
Is 99935634241 composite?
False
Is 1165845157 a composite number?
False
Is 566155385 prime?
False
Is 68831123 a prime number?
False
Is 79669 a composite number?
False
Is 751792507 a prime number?
True
Is 22676753107 prime?
False
Is 19444883 composite?
False
Is 2840708369 a prime number?
False
Is 4389389093 composite?
False
Is 100063018439 a prime number?
False
Is 6107059927 a composite number?
True
Is 38828569939 a composite number?
True
Is 33751223 a prime number?
False
Is 969302414 composite?
True
Is 31794522797 composite?
False
Is 1964138387 prime?
True
Is 16624962989 prime?
False
Is 900962927 composite?
True
Is 2668264381 prime?
True
Is 52196085271 composite?
True
Is 21874026353 composite?
True
Is 1241788127 composite?
False
Is 39104203 prime?
True
Is 399599853 a prime number?
False
Is 2698906361 prime?
True
Is 4998627091 prime?
True
Is 53889207329 composite?
True
Is 301521209 a prime number?
False
Is 4187701387 a prime number?
True
Is 29540198671 prime?
False
Is 578821829 composite?
False
Is 611819713 a composite number?
True
Is 1181780623 a prime number?
False
Is 7599900953 a prime number?
False
Is 28584479327 prime?
False
Is 407886497 composite?
False
Is 119649857 a prime number?
False
Is 711464317 composite?
False
Is 1298632229 prime?
False
Is 5813056127 prime?
True
Is 3474598363 prime?
False
Is 1089399569 a composite number?
False
Is 94871507 composite?
False
Is 224432407 a prime number?
True
Is 11516590729 composite?
True
Is 128388413 prime?
True
Is 757032313 a composite number?
True
Is 696200551 prime?
False
Is 3465784801 composite?
True
Is 19237323253 a composite number?
False
Is 1521712747 a prime number?
False
Is 28803356243 a composite number?
True
Is 868127609 a composite number?
False
Is 15749043799 a composite number?
False
Is 4837923073 prime?
False
Is 179450693 a composite number?
True
Is 9706017169 prime?
False
Is 1376147413 a composite number?
True
Is 1975646041 prime?
False
Is 26453346713 composite?
False
Is 1028629013 composite?
True
Is 312181091 prime?
True
Is 175222987 composite?
False
Is 25210644467 prime?
False
Is 2388135577 a prime number?
True
Is 984968597 a composite number?
True
Is 87952186349 a prime number?
True
Is 91390213 composite?
False
Is 262227869 a composite number?
True
Is 916112167 composite?
True
Is 372764693 prime?
False
Is 936696097 composite?
False
Is 383499389463 a composite number?
True
Is 11644578607 a composite number?
False
Is 29795231951 a composite number?
True
Is 170794459 a composite number?
True
Is 12628964323 a prime number?
False
Is 296433659 composite?
False
Is 496379243 prime?
False
Is 35665742531 prime?
False
Is 4223066603 a prime number?
False
Is 1513186691 a composite number?
True
Is 84444838171 a prime number?
True
Is 5802559241 a prime number?
True
Is 24978143209 composite?
False
Is 140945799 prime?
False
Is 12278130877 a composite number?
False
Is 262253207 prime?
True
Is 1926301607 a composite number?
False
Is 1224229757 composite?
False
Is 382057703 prime?
True
Is 19319369639 a composite number?
True
Is 616162631 a composite number?
True
Is 28893607979 a prime number?
True
Is 23919887059 a prime number?
True
Is 2888562853 a composite number?
True
Is 440984629 composite?
False
Is 2042680499 composite?
True
Is 30767135197 composite?
False
Is 1201842041 composite?
True
Is 10549439683 a prime number?
True
Is 4474984099 a prime number?
False
Is 36687147661 composite?
False
Is 882320849 prime?
False
Is 2435502001 composite?
False
Is 111683656583 composite?
False
Is 1369362769 a composite number?
False
Is 271313143 composite?
False
Is 3839030417 prime?
False
Is 38757862265 a prime number?
False
Is 1105415203 composite?
True
Is 497326277 composite?
True
Is 35874586667 composite?
False
Is 18583508807 a composite number?
True
Is 42234661277 composite?
False
Is 13807363277 prime?
True
Is 11706256621 a composite number?
False
Is 426567677 a composite number?
False
Is 736520467 prime?
False
Is 27967550959 a composite number?
False
Is 157352443759 composite?
True
Is 424131611 a prime number?
True
Is 662317017 a prime number?
False
Is 19319577463 a composite number?
True
Is 178178926373 a composite number?
True
Is 660441961 a composite number?
False
Is 40741758251 a prime number?
False
Is 1353789347 a prime number?
False
Is 138497441 a composite number?
True
Is 1298592331 composite?
False
Is 10847155177 a composite number?
False
Is 45262530857 composite?
True
Is 35594596207 a prime number?
True
Is 57537666877 a composite number?
True
Is 126666247 a prime number?
False
Is 187434748871 a composite number?
True
Is 65743052611 a composite number?
True
Is 16533165479 composite?
True
Is 41014586471 a prime number?
True
Is 1689433561 composite?
True
Is 36173498701 prime?
False
Is 61099552067 a composite number?
True
Is 11272628113 a composite number?
False
Is 222991909469 composite?
True
Is 269138813 a composite number?
False
Is 26752182629 a composite number?
False
Is 220604617 a prime number?
False
Is 191820779 a composite number?
False
Is 11636690641 a composite number?
False
Is 463195279 a prime number?
False
Is 1117123309 composite?
True
Is 255060629 a composite number?
False
Is 1816194623 composite?
False
Is 2319888029 a composite number?
True
Is 27517451233 a prime number?
False
Is 27164162843 a composite number?
True
Is 5959797533 prime?
False
Is 753228991 a prime number?
False
Is 141779716565 a composite number?
True
Is 17154898807 prime?
True
Is 517638877 composite?
True
Is 682391613 prime?
False
Is 55488881543 prime?
True
Is 4502013101 prime?
True
Is 371328053 composite?
True
Is 621758581 prime?
True
Is 54575069 prime?
True
Is 7207652861 prime?
False
Is 4635669029 composite?
False
Is 27965461561 composite?
False
Is 115094857 composite?
False
Is 37024767887 composite?
False
Is 3059562347 a composite number?
False
Is 6372718037 a prime number?
False
Is 2308455463 prime?
True
Is 2746916461 a composite number?
False
Is 106076371 a prime number?
False
Is 1270553477 a composite number?
False
Is 2160645503 composite?
False
Is 36432228967 prime?
False
Is 3102604581 a composite number?
True
Is 1266753178 prime?
False
Is 459089458169 a prime number?
True
Is 39304760203 a composite number?
False
Is 63098423149 composite?
True
Is 32577333571 prime?
True
Is 2461269331 composite?
True
Is 78874941099 a prime number?
False
Is 185339509 a prime number?
False
Is 2029757747 prime?
True
Is